mposite?
True
Is 98539574801 composite?
False
Is 30788078623 a composite number?
True
Is 10333735961 composite?
True
Is 994080671 prime?
True
Is 239742044407 a composite number?
False
Is 159417311 a prime number?
True
Is 1966726169 prime?
True
Is 15716739997 composite?
True
Is 7378244095 composite?
True
Is 1223674117 composite?
True
Is 7373121383 a prime number?
False
Is 26942917933 a composite number?
False
Is 17276034313 a prime number?
True
Is 30074996807 a composite number?
True
Is 1554204931 composite?
False
Is 4371967267 prime?
True
Is 268868527 prime?
True
Is 1005071911 composite?
False
Is 6404737877 prime?
False
Is 1585795951 a composite number?
True
Is 3744963311 prime?
True
Is 7822978363 a prime number?
True
Is 41829443 a prime number?
True
Is 5139121111 prime?
True
Is 626351101 a composite number?
True
Is 38864568607 prime?
False
Is 3333599083 a prime number?
True
Is 80782469 a composite number?
False
Is 2356145773 a composite number?
True
Is 2753062563 prime?
False
Is 714577523 composite?
True
Is 5621197643 prime?
True
Is 3816791653 a prime number?
True
Is 4657653359 a composite number?
False
Is 186996937 a prime number?
False
Is 15230566873 composite?
False
Is 1433608531 composite?
False
Is 4184676347 a prime number?
False
Is 644434199 a prime number?
True
Is 10619432119 composite?
False
Is 1057317779 a composite number?
True
Is 10261431221 prime?
False
Is 755823713 a prime number?
False
Is 1051803799 composite?
True
Is 123069173 prime?
False
Is 19383609607 a composite number?
False
Is 918746107 prime?
False
Is 3875598863 prime?
True
Is 10432959527 a prime number?
False
Is 58277427227 prime?
False
Is 303011789 a prime number?
True
Is 1286349697 composite?
True
Is 20404227379 a composite number?
False
Is 214844822737 a composite number?
False
Is 15326362783 a prime number?
True
Is 6661884739 a prime number?
True
Is 147250913 prime?
True
Is 25007654543 a prime number?
True
Is 42898415843 prime?
False
Is 472801991 prime?
True
Is 35123379937 prime?
False
Is 164510089 a composite number?
False
Is 25571933 composite?
True
Is 6000864977 a composite number?
True
Is 13352603983 a composite number?
True
Is 10223256151 a prime number?
False
Is 239907677 a composite number?
True
Is 515409617 a prime number?
False
Is 858055993 composite?
True
Is 89015785087 a composite number?
False
Is 57767757541 composite?
True
Is 9950702291 a prime number?
True
Is 43321102939 a composite number?
False
Is 120786139 a composite number?
True
Is 30670625039 prime?
True
Is 56260139191 a prime number?
True
Is 298243661 prime?
True
Is 7332747161 a composite number?
True
Is 3022601159 a prime number?
False
Is 20532383051 a composite number?
True
Is 27631779767 composite?
True
Is 5299387739 prime?
True
Is 52840177153 prime?
True
Is 23896612301 a prime number?
True
Is 1651442411 prime?
True
Is 3725016961 composite?
False
Is 687940579 prime?
True
Is 30504483937 a composite number?
False
Is 53290029953 prime?
False
Is 22647998521 composite?
False
Is 3098328509 a composite number?
False
Is 9474384037 prime?
True
Is 3389336651 a prime number?
True
Is 476866051 composite?
False
Is 22069252157 a prime number?
True
Is 4286324047 prime?
True
Is 335092976459 a prime number?
False
Is 730974353 a composite number?
False
Is 955612939 a composite number?
True
Is 9214831583 a composite number?
True
Is 60103962829 composite?
False
Is 3147429947 composite?
False
Is 340012691 a prime number?
True
Is 11122310533 composite?
False
Is 1836082789 prime?
True
Is 19217128093 prime?
True
Is 78414355 a composite number?
True
Is 191332667 a composite number?
False
Is 31616907457 a composite number?
True
Is 19460080589 prime?
True
Is 55104227161 composite?
False
Is 490469737 prime?
False
Is 156446456431 a prime number?
True
Is 262827226217 composite?
False
Is 8080046269 a prime number?
True
Is 16467382739 prime?
False
Is 951848843 a prime number?
False
Is 6777198821 composite?
False
Is 6529835383 a composite number?
False
Is 20930021743 a prime number?
False
Is 1844077819 composite?
False
Is 8164244701 a prime number?
True
Is 827177107 composite?
False
Is 161473111 a prime number?
True
Is 8272053949 a prime number?
True
Is 68415769781 a composite number?
False
Is 2611000727 a prime number?
True
Is 1557192473 prime?
False
Is 132217717 composite?
False
Is 9419138143 composite?
True
Is 287215967 prime?
True
Is 52275253 a composite number?
True
Is 4532770709 a prime number?
True
Is 775302811 prime?
False
Is 21329332849 composite?
True
Is 83012064127 composite?
False
Is 16893581773 a prime number?
True
Is 691982743 a prime number?
False
Is 1990658261 a composite number?
False
Is 5365989383 a prime number?
True
Is 811635491 a composite number?
True
Is 30805905731 composite?
False
Is 1076391071 a composite number?
True
Is 27402260209 a prime number?
True
Is 17066085737 composite?
False
Is 469850267 prime?
False
Is 381438931 prime?
True
Is 2250494161 a composite number?
True
Is 12835372421 composite?
True
Is 5169619957 composite?
False
Is 1416928979 a composite number?
False
Is 126909356729 prime?
False
Is 104471590235 a composite number?
True
Is 13831342591 prime?
False
Is 9174486413 a prime number?
False
Is 100037545831 prime?
True
Is 16518902495 composite?
True
Is 14544590507 prime?
True
Is 31569997001 composite?
True
Is 202194923569 a composite number?
True
Is 25920325649 prime?
True
Is 3002294501 a composite number?
True
Is 1452685459 a composite number?
True
Is 908357939 a composite number?
True
Is 174754247 a prime number?
False
Is 12048909871 a prime number?
False
Is 510866903 composite?
False
Is 283175407 composite?
True
Is 160528939 a composite number?
True
Is 68526901549 prime?
True
Is 19646370677 a prime number?
True
Is 6731401087 a prime number?
True
Is 19800089759 composite?
True
Is 24166977349 prime?
True
Is 407427169 a prime number?
False
Is 35677573831 a prime number?
False
Is 1530012721 a prime number?
False
Is 1020582482 a prime number?
False
Is 981745643 a prime number?
True
Is 12546643117 a composite number?
False
Is 2181622477 a composite number?
True
Is 159768709 a composite number?
True
Is 2402034143 a prime number?
True
Is 3651466687 a composite number?
True
Is 622832989 a composite number?
False
Is 263756314677 a composite number?
True
Is 495629362 composite?
True
Is 2910831899 a composite number?
False
Is 537488979 a composite number?
True
Is 1605838957 prime?
True
Is 16230969179 a composite number?
True
Is 21735429629 a composite number?
True
Is 9864070493 a composite number?
False
Is 3499975957 a composite number?
True
Is 1452407057 a prime number?
True
Is 695925241 composite?
True
Is 29417381 a prime number?
False
Is 6076063189 a composite number?
True
Is 1322107634 a prime number?
False
Is 111492009833 prime?
False
Is 1015206607 a prime number?
False
Is 1318108577 a prime number?
True
Is 279943589 a prime number?
True
Is 1043041561 a prime number?
False
Is 113918803 a composite number?
True
Is 522278921 a prime number?
True
Is 1138561973 composite?
False
Is 16333431109 prime?
False
Is 22063162009 a composite number?
True
Is 29517858053 prime?
True
Is 195880427 a composite number?
False
Is 13709869867 a prime number?
True
Is 790184161 a prime number?
False
Is 300961519 a prime number?
True
Is 14669478851 a prime number?
True
Is 8614514483 a prime number?
False
Is 5843242811 prime?
False
Is 2410623053 prime?
True
Is 4807631 a prime number?
True
Is 3058567879 a prime number?
True
Is 158564011 composite?
False
Is 3429010121 a composite number?
True
Is 616294027 a prime number?
False
Is 28693776191 a composite number?
True
Is 7224177937 prime?
True
Is 9955681273 composite?
True
Is 2877022961 composite?
False
Is 135304991 composite?
False
Is 2450269181 prime?
True
Is 6462523931 a prime number?
True
Is 634275707 a prime number?
False
Is 23092344787 composite?
True
Is 5036001479 prime?
True
Is 3019108973 composite?
False
Is 67438649327 composite?
True
Is 704316803 a composite number?
True
Is 2108156873 composite?
False
Is 145281629 prime?
False
Is 494034241 a composite number?
False
Is 10186689607 a prime number?
True
Is 635621417 a composite number?
False
Is 12253051157 a composite number?
False
Is 202705427 composite?
False
Is 18890677 a prime number?
False
Is 46206675689 